 13*b + 3 = 14*b. Suppose -z - 21741 = -4*i, 0 = -2*i + 7*z - b*z + 10874. Is i a prime number?
False
Let v = 96931 - 68369. Is v a prime number?
False
Suppose -3*q + 3 = -o, 0 = -0*q + 5*q - 5. Suppose -2*c = o, 5*p = -5*c + 5217 - 1232. Is p composite?
False
Let w = 3410 + 10540. Suppose 5*r - w = -3*h + 2*r, -r = 3*h - 13940. Is h prime?
False
Suppose -s = -2*p + s + 16, -2*p = 2*s. Is (-2)/(380/(-94) + p) a prime number?
True
Suppose 25 = -5*t + 5, 5*t = -5*a. Suppose h = 3*h + a. Is (h - -1)*(-253 - 1) a composite number?
True
Let q = 16 + -11. Suppose -2*d - q*h - 1697 = -10806, d - 2*h - 4541 = 0. Is d composite?
False
Let b(z) = z**2 + 2*z - 5. Let c be b(-5). Let h be (5 - 0)*4/c. Suppose -652 = -2*w - h*w. Is w a prime number?
True
Is (-7693)/196*(-12 - 0) prime?
False
Let i = -9120 - -21089. Is i composite?
False
Suppose -5*m + 3*y - 3260 = -9399, -3*y = -6. Is m prime?
True
Let r = -52456 - -78275. Is r a composite number?
False
Let g(h) = -15*h - 151. Is g(-26) composite?
False
Let h(f) = f**2 - 17*f + 30353. Is h(0) a composite number?
True
Is 46087/13 + 70/(-455) prime?
False
Let m(n) = 224*n**2 + 20*n - 95. Is m(12) composite?
False
Let k(v) = 1437*v**3 + v**2 + v - 2. Let s be k(1). Suppose -5*w + s = -4*h + 86, 1056 = 4*w + 3*h. Is w a composite number?
True
Let o be -1 - 2 - (-16 - -10). Suppose 0 = o*t - 4 - 5. Is (-261)/15*(-15)/t prime?
False
Let n = -32 - -51. Suppose 0 = 5*m - 3*a - 22, -4*m + n = -a - 0*a. Suppose m*r + 2*i - 8459 = 0, 2*r + 4*i = -i + 3371. Is r prime?
True
Suppose 0 = 7*i - 12 - 2. Suppose 0 = n + i*n - 1491. Is n prime?
False
Let p = -26 + 31. Let r(s) = -p*s + 4 + 10*s + 5*s. Is r(3) a composite number?
True
Suppose -5*a + 22081 = -4*i, -4*a + 4*i = -5655 - 12009. Is a prime?
False
Let j be (-1)/(-3) - (-143)/39. Suppose 3*m + 22 = j*m. Let z = 75 + m. Is z prime?
True
Suppose -5*z - 74 = -339. Is (0 + 0 + -1)/((-1)/z) composite?
False
Suppose -u = 5*j - 190785, 20 = -0*u - 4*u. Is j a composite number?
True
Let k(f) = 129*f**3 - 18*f**2 + 2*f + 5. Is k(4) composite?
True
Let d = 3540 + -2488. Suppose 4*h - d = -0*h. Let x = h + 222. Is x prime?
False
Let x be -21*(-1 + 5 + (-14564)/33). Suppose -2834 + x = 10*p. Is p prime?
False
Let f = 38 + -32. Suppose -2*z = 3*w - 106, -f*z + 3*z = -w - 159. Is z a composite number?
False
Suppose 2*z - 2*r = -4, 2*z = -z - 5*r + 34. Is z*2/6*(9 - -482) prime?
True
Let d(o) = 606*o**3 + 9*o - 5. Is d(2) composite?
False
Let n be (-4)/22 - (-99)/(-121). Is n - ((2 - 85) + -3) a prime number?
False
Let q(h) be the second derivative of h**5/20 - 11*h**4/12 - 8*h**3/3 - 11*h**2/2 - 35*h. Is q(13) a composite number?
True
Suppose -121 = 2*r + o, 4 = o + 3*o. Let c be (-12)/20 - (-8)/(-20). Is c + r*(3 + -5) composite?
True
Let v = 27320 + -18933. Is v composite?
False
Let j(r) be the first derivative of 0*r - 5*r - 2*r - 10*r**2 + 2*r - 7. Is j(-8) prime?
False
Let r = 5 - 9. Let w = r + -1. Let h(c) = 3*c**2 - c - 1. Is h(w) a prime number?
True
Suppose -x = 3*h - h - 7251, 5*x + 2*h = 36215. Is x a prime number?
False
Let a(o) be the first derivative of -2*o**2 + 143*o - 20. Let x be 0*((-15)/6)/(-5). Is a(x) a prime number?
False
Let x be 12/(-1)*5/(-4). Let s = 15 - x. Suppose -3*h + f + 50 = s, 0*h + 3*f + 60 = 3*h. Is h a prime number?
False
Is 3989/(-2)*(-1)/2*4 prime?
True
Suppose -6 = -t - 2. Suppose 6*v - 5558 = t*v. Is v prime?
False
Let a be (-60)/(-33) + 2/11. Suppose 3*p - 1077 = -3*w, -a*p + 5*w + 336 = -403. Is p + (-4 + -4 - -4) a prime number?
False
Let u(l) be the third derivative of l**4/24 + 3*l**3/2 + 2*l**2. Let b be u(-8). Is 170/(-4)*b*-2 a prime number?
False
Let b = 9 - 6. Suppose -3*y - 76 = -g + 439, -3 = b*y. Let m = g - 289. Is m composite?
False
Suppose 21 = n + 4*w, 0 = -2*n + 4*w + 9 - 3. Let g = 11 - n. Suppose 3*o - 164 = -s, 5*o + 6*s = g*s + 285. Is o prime?
True
Let q = -1 - -5. Is 6692/12*q/(4/3) composite?
True
Suppose 0*w - 1341 = -3*w. Suppose q = -2*i + 464, -4*i + 0*i + 4*q = -904. Let g = w + i. Is g prime?
True
Let g(y) = y - 5. Let u be g(9). Suppose u*f - 3*a = 2*a + 1323, f - 5*a = 312. Is f prime?
True
Let g be (-24)/(-18) - 24/(-9). Let o be -1*(-1)/(-2)*-402. Suppose 5*t - g*j - 263 = 0, -5*t + 5*j + o = -59. Is t a composite number?
True
Suppose -383*q = -391*q + 141560. Is q a composite number?
True
Suppose -b = -4*p - 14, 3*p + 2*b = -2 - 3. Let d be p*3/((-9)/(-437)). Let x = d + 820. Is x a composite number?
False
Let b = -41235 + 81558. Is b prime?
False
Let p(r) = -55*r + 52. Is p(-33) prime?
True
Suppose -16 = -3*a - 7. Suppose 10 = -r + v, a*r + 13 = 5*v - 27. Let n(z) = 2*z**2 + 2*z + 6. Is n(r) a composite number?
True
Let w = 19 - 19. Let b be (171 - -2)/(w - -1). Let t = 352 - b. Is t a composite number?
False
Let j(z) = -z**2 - 5*z. Let m be j(-4). Suppose -2*u + 119 = q, 293 = 4*q + m*u - 183. Is q prime?
False
Let z = 12 + -5. Suppose -2*w = -z*w + 15. Suppose 4*n = -n - w*m + 274, -3*n = m - 162. Is n composite?
False
Let c(q) = -q**3 - 8*q**2 - q - 7. Let f be c(-8). Is (-623)/14*f*-2 a composite number?
False
Let w(b) = 4328*b - 9. Is w(11) a composite number?
False
Suppose -78*i + 77*i = -6317. Is i a composite number?
False
Is 72/(-12) - (-1 - 592) a composite number?
False
Suppose 3*h - 2*h - 2 = 0. Suppose -k = h*k - 1302. Let m = -63 + k. Is m composite?
True
Let y(g) = 65*g**3 + 3*g**2 - g - 5. Let i be y(-7). Is (i/10)/(-1) + (-2)/(-5) a composite number?
True
Suppose -4*k + 55397 = -5*t, -17085 = -4*k + 3*t + 38302. Is k a composite number?
True
Suppose -4*w + w = -5*m + 696, -4*m + 546 = 3*w. Suppose 0 = -12*d + 15*d - m. Is d a prime number?
False
Suppose b - 5356 = 7*d - 10*d, -4*b = d - 21391. Is b a composite number?
False
Suppose g = 3*m - 13, -m = -5*g + 3*m - 10. Suppose g*r = 2704 - 122. Is r a composite number?
False
Let j(f) = 7*f + 11. Let q be j(-6). Let n = 37 + q. Suppose 2*l = 7*l - r - 722, 2*r = n. Is l composite?
True
Let r(j) = 842*j**2 - 9*j - 7. Is r(5) a composite number?
True
Let g(m) be the third derivative of 73*m**4/6 + m**3/2 + 5*m**2. Is g(2) a prime number?
True
Suppose 2*h - 8 = z + 4, 2*h = 3*z + 16. Let c(d) = -6*d**3 + d**2 + d**2 - 1 - d + 2. Is c(z) composite?
False
Let a be (-3)/(-4) - 230209/28. Let n = -5178 - a. Is n a composite number?
True
Let t = -5249 - -9795. Let b = t + 235. Is b a composite number?
True
Let w(l) = -32*l + 11. Let v be w(9). Let m = 398 + v. Is m a composite number?
True
Suppose 25884 = 17*i - 11227. Is i a prime number?
False
Let a = -414 - -293. Let u be (1/(-2))/((-4)/(-432)). Let o = u - a. Is o a prime number?
True
Let w be 1/2 + (1 - (-20884)/8). Let g = w + 803. Is g composite?
True
Let c(t) = t. Let x(f) = -f**3 - f**2 - 4*f - 631. Let i(z) = -3*c(z) - x(z). Is i(0) prime?
True
Suppose 6*t = 16*t - 30. Is -2 + 32/12 + 4909/t a composite number?
False
Suppose 6*a - 39675 = 4*a + 3*h, 0 = 4*a - 4*h - 79352. Suppose 3*c - a + 2574 = 0. Is c a composite number?
True
Let o(m) = -m**2 + 6*m - 2. Let i be o(5). Let g(z) = -41 + 4*z + 44 - 2*z + i*z. Is g(6) composite?
True
Suppose y - 2*f - 68961 = 0, y - 40190 - 28768 = 5*f. Is y a prime number?
True
Let g = -3101 + 4917. Let d(n) = n**2 - 6*n + 5. Let m be d(6). Suppose -g = -m*x + 229. Is x composite?
False
Let x = 207 + -317. Suppose -12*g + 18*g = -456. Let r = g - x. Is r a composite number?
True
Let p(k) = -16*k**2 + 12*k - 1. Let g be p(10). Let c = g - -756. Let h = -228 - c. Is h composite?
True
Let o be 18/(-30)*(-10)/3. Suppose -2*p = o*p - 4124. Is p a composite number?
False
Suppose -2*n - 6 = -4*n. Suppose d - 72 = -0*y + 2*y, 205 = n*d + 5*y. Is 9980/d + 6/14 a composite number?
True
Suppose -4*b + 3*b = -3*z - 164, 0 = -3*z - 5*b - 170. Is -3*1*z/3 composite?
True
Suppose 762*z - 755*z - 79681 = 0. Is z a prime number?
True
Suppose 2*l - 1510 = -444. Suppose 4*d + 99 = 2*w + l, -2*d + 215 = -3*w. Is d a composite number?
False
Let f(l) = -l**2 - 6*l - 1. Let z be f(-5). Suppose -z*v + 1814 = -1750. Suppose 0 = 4*a + 2*k - 1065 - v, 0 = 5*a + 4*k - 2439. Is a a prime number?
True
Let y(x) = 228*x**2 - 33. Is y(-5) prime?
False
Suppose -d + 2356 + 5637 = 0. Is d a prime number?
True
Let v(t) = 3*t**2. Let r be v(1). Suppose 892 = r*a + s, -4*a - 3*s = -12